tor of 288 and p.
12
Let a = 83 + -17. Suppose -a = 8*d + 302. Let p = d + 60. What is the greatest common divisor of p and 28?
14
Let c = 385 - 381. Let a be (2 - 20/c) + 11. Let q = 39 + -23. Calculate the highest common factor of q and a.
8
Suppose 0 = -58*k - k + 110979. Let z = k + -1113. What is the highest common divisor of 6 and z?
6
Suppose -v + 0*n - 3*n + 20 = 0, 4*v + 3*n = 98. Suppose p + v = 28. Calculate the greatest common divisor of 38 and p.
2
Let j be 0 - 0 - (-64 + -1 + 3). Let b = j - 56. Let o be ((-24)/(-9))/(4/b). Calculate the greatest common factor of 10 and o.
2
Suppose -3*o = 5*s - 1384, 292*s + 2*o = 296*s - 1094. What is the greatest common divisor of s and 28325?
275
Let n be (110 - -14) + 11 + 0. Calculate the highest common divisor of 480 and n.
15
Let x be ((-14)/(-8))/((-92)/(-16928)). What is the highest common factor of x and 506?
46
Let p = 70 + -68. Let y(c) = c**3 - c**2 - 3*c + 5. Let x be y(p). Suppose -f = -k - 170, 0*f - 5*f = x*k - 834. What is the greatest common factor of 24 and f?
24
Suppose -4*g = 20, -g + 0*g = 2*c - 645. Let a be 34 - ((0 - 0)/(5 - 3) + -5). What is the greatest common divisor of a and c?
13
Let j be (-12)/24*2*-5. Suppose -26 = -j*a + 2*v, 4*a - 5*v - 18 = -2*v. What is the highest common factor of 8 and a?
2
Suppose 1336 = 34*t - 35*t. Let o = t + 2058. What is the highest common divisor of o and 38?
38
Let a be ((-3)/(-6))/((-6)/(-48)). Let d(w) = -26*w - a + 4*w**2 + 13*w + 11*w. Let v be d(-3). Calculate the greatest common factor of v and 19.
19
Suppose 0 = 117*n - 208*n + 3640. Calculate the greatest common factor of 23720 and n.
40
Let x be 11/4 - (-1 + 3/4). Suppose -3*m + 69 = x*j, 0 = -4*j - 0*m + 5*m + 74. Let z = 18 + -11. What is the highest common divisor of z and j?
7
Suppose -4*v - 5*v + 236 = -124. What is the highest common divisor of v and 340?
20
Let o(l) = l**2 + 23*l - 1. Let d be o(-23). Let h be -7 - -7 - (d - 0). Calculate the highest common divisor of h and 1.
1
Let c be 5358/(-18) + -6 + 3/(-9). Let s = -199 - c. What is the highest common factor of 60 and s?
15
Suppose 0 = 4*j - h - 6847, 5*j - 4806 = 3*h + 3751. Calculate the greatest common factor of 48 and j.
16
Let x(i) = -3*i**3 + 30*i**2 - 2*i - 25. Suppose -4*r - 4*h = -2*h - 30, 6 = -r - 5*h. Let b be x(r). Calculate the greatest common divisor of b and 25.
25
Let q = -258 + 406. Let n = 166 - 282. Let a = n + q. Calculate the greatest common divisor of 8 and a.
8
Let c be ((-869)/(-3))/(-17 + 1872/108). Calculate the greatest common divisor of c and 158.
79
Let b(q) = 2*q**3 - 18*q**2 + 26*q + 10. Let u be b(11). Suppose u = 29*j - 23*j. Calculate the highest common divisor of 30 and j.
10
Let c(o) = -o + 7. Let m be c(-20). Suppose 24*v - 78 = m*v. Let z = 6 - v. What is the highest common divisor of z and 160?
32
Suppose 0 = -6*s + 5*s + 24. Suppose s = 4*m - 16. Suppose 4*q + q = 450. Calculate the highest common factor of q and m.
10
Let m(c) = 1155*c + 18532. Let n be m(-16). Let j(d) = 11*d + 1. Let t be j(1). What is the highest common factor of t and n?
4
Let d be 1/(-2) - (-26)/4. Let a be d/(-8)*(-4 - 24). Let k(w) = w**2 + 110*w + 3066. Let s be k(-56). What is the greatest common factor of a and s?
21
Let d be 261 - (-3)/(-4)*(-308)/77. What is the greatest common factor of 627 and d?
33
Suppose -64*j - 16 = -68*j. Suppose -3 - 1 = j*o, 4*o = -4*f + 884. What is the greatest common factor of 370 and f?
74
Suppose 4*k + j = 59, 2*j - 28 = -4*k + 26. Calculate the greatest common divisor of 1544 and k.
8
Let w be (-27776)/155 - (2 + 22/(-10)). Let r = 283 + w. Calculate the greatest common divisor of 16 and r.
8
Let w be 255*65*182/455. What is the highest common divisor of 340 and w?
170
Suppose -2*m - 4*x = -304, -4*m - 23*x + 28*x = -582. What is the highest common divisor of m and 20720?
148
Let r(d) = -d**3 + 15*d**2 - 20*d - 84. Let v be r(-10). Let z = v - 1548. What is the greatest common divisor of 24 and z?
12
Suppose -82 + 268 = 2*q. Let b be (124 - -25) + 3 - ((-3 - 0) + 0). Calculate the highest common divisor of b and q.
31
Let g = -94 + 96. Let t be ((-9)/6)/(g/4). Let b be (30/9)/(50/(-18) - t). Calculate the highest common factor of 75 and b.
15
Let o be 15 - 4/4*-3. Let v be 3 + 5 + (41 - 1). What is the greatest common divisor of o and v?
6
Let i(c) = c**3 + c**2 - 2*c - 16. Let y be i(4). Let z = -2595 - -2602. What is the greatest common factor of y and z?
7
Suppose 2*y = -4*w - 434, 18 = 4*w + 38. Let p = y - -251. Calculate the greatest common factor of 33 and p.
11
Suppose 3*q = 12 - 0, -380 = -2*k - 5*q. Let l = 11 + 61. What is the highest common factor of k and l?
36
Let x = -7167 + 7751. What is the greatest common divisor of x and 511?
73
Let r(p) = 24*p + 1511. Let l be r(-35). Calculate the greatest common divisor of l and 183.
61
Suppose -5*i = 5*s - 460, 131*i = 2*s + 136*i - 202. Suppose 0 = -2*u + 4*f + 20, 2*f + 3 = -5. What is the highest common factor of s and u?
2
Suppose -3*o - 4*u = -24, 3*o + 2*u = 6*u. Suppose 2*g - 10 = -o*a + 28, 2*g = a + 33. What is the greatest common divisor of g and 51?
17
Suppose -4*v + 3*l - 8 - 2 = 0, -5*v + 2*l = 16. Let d be (-3)/3 - -2 - 21. Let m be (-15)/(-25) + 12*v/d. What is the highest common divisor of m and 12?
3
Let l be (34/595*-65)/((-2)/42). Calculate the highest common factor of l and 6825.
39
Suppose 348 + 449 = 73*c - 298. What is the greatest common divisor of c and 4155?
15
Let o = 7 - 54. Let c = o + 92. Suppose 0 = -40*t + c*t - 120. What is the greatest common divisor of 60 and t?
12
Let u = 714 - 694. Suppose 2*s = -y + 3, 4*y + 3 = y. Suppose u = s*l - 52. Calculate the greatest common factor of l and 144.
36
Suppose 0*v + 1029 = -c + 4*v, -4*v = 8. Let w be (c/427)/((-2)/14). Calculate the highest common divisor of w and 68.
17
Let r = 397 + -174. Suppose -r = 10*d - 1363. Suppose 0 = -w - z - 3*z - 14, -4*w - 4*z = -4. What is the greatest common divisor of d and w?
6
Suppose 1976*f - 2016*f + 12240 = 0. What is the greatest common divisor of 1666 and f?
34
Suppose -j = 3*y + j - 1, y - 7 = j. Suppose 3*u - 66 = -y*h, 97 = u + 3*u - 5*h. Calculate the greatest common factor of 23 and u.
23
Let f = 648 + -645. Let u(k) = k**3 - 4*k**2 + 4*k - 3. Let l be u(2). Let q be f + 7/l*-3. What is the greatest common factor of q and 90?
10
Let b(j) = -6*j + 22. Let g be b(0). Suppose 2*y + 6 = 0, -8 = w + 2*y - g. Suppose -v = -0*v - 20. Calculate the greatest common divisor of v and w.
20
Let j be (-2 - -1)/((-2)/(420/15)). Calculate the highest common divisor of 2576 and j.
14
Let i be 2/(-7) - ((-260)/(-70) + -9). Suppose q + 4*c = -q + 112, -5*q + 310 = -i*c. Calculate the highest common factor of q and 420.
60
Suppose -2*c + 0*c + 4 = 0. Let b = -24 - 14. Let d = b + 40. What is the greatest common divisor of c and d?
2
Let a be 158/18 - (-18)/81. Suppose 6*n = a*n - 36. Suppose -12*q = 89 - 953. Calculate the highest common factor of n and q.
12
Let a = -200 + 204. Suppose a*c - 102 = 106. What is the greatest common factor of 8 and c?
4
Suppose -20*c - 4*o = -15*c - 106, 5*c = o + 136. What is the greatest common divisor of c and 2314?
26
Suppose 5*j = 4*u - 52, 3*u - 5*j = 4*u - 13. Let q(i) = -3*i**2 + 14*i - 1. Let k be q(3). Let g = k - u. Calculate the greatest common factor of 1 and g.
1
Let p = 108 + -65. Let o = p + -17. Let y = 2643 - 2565. What is the greatest common factor of o and y?
26
Let o = 17 - -12. Let k be 10/(-2) - (41 - (104 - -29)). What is the highest common factor of o and k?
29
Let v be 377/(-435) - -22 - (-2)/(-15). What is the greatest common divisor of v and 25347?
21
Let y(n) = -7*n - 4. Let f be y(-2). Let w(j) = j**3 + 19*j**2 + 19*j + 28. Let i be w(-18). Calculate the greatest common divisor of i and f.
10
Let q(n) = -7*n**2 + 9*n + 310. Let r be q(0). What is the greatest common divisor of r and 40?
10
Let p(n) = n**3 - 11*n**2 - 85*n + 380. Let h be p(19). What is the highest common divisor of h and 133?
19
Let p = -4 + 9. Let q(l) be the first derivative of 2*l**3/3 - 22*l**2 + 90*l + 192. Let x be q(20). Calculate the highest common divisor of x and p.
5
Suppose 12*y - 448 = 23*y - 15*y. What is the highest common divisor of 8 and y?
8
Let c = 75